{"id":3346,"date":"2014-08-25T07:48:17","date_gmt":"2014-08-25T06:48:17","guid":{"rendered":"http:\/\/www.lesmonts.ch\/wp_fr\/?page_id=3346"},"modified":"2014-08-25T14:01:45","modified_gmt":"2014-08-25T13:01:45","slug":"st-peterburg","status":"publish","type":"page","link":"https:\/\/www.lesmonts.ch\/wp_fr\/voyages\/st-peterburg\/","title":{"rendered":"St Petersburg"},"content":{"rendered":"<p><a href=\"http:\/\/www.lesmonts.ch\/wp_fr\/wp-content\/uploads\/2014\/08\/Russie1.png\"><img loading=\"lazy\" decoding=\"async\" class=\"aligncenter size-full wp-image-3540\" src=\"http:\/\/www.lesmonts.ch\/wp_fr\/wp-content\/uploads\/2014\/08\/Russie1.png\" alt=\"Russie\" width=\"110\" height=\"73\" \/><\/a>Ville des tsars et capitale de l&#8217;empire de Russie avant la r\u00e9volution, deuxi\u00e8me ville de Russie et cinqui\u00e8me ville d&rsquo;Europe, St Petersburg a \u00e9t\u00e9 b\u00e2tie sur un mar\u00e9cage, le tsar Pierre le Grand d\u00e9sirant, au d\u00e9but du 18\u00e8me si\u00e8cle, disposer d&rsquo;un port sur la Baltique, et d&rsquo;une fen\u00eatre sur l&rsquo;Europe (sic). La ville est b\u00e2tie sur l&#8217;embouchure de la Neva, et les nombreux canaux de drainage qui sillonnent la ville contribuent \u00e0 donner une image tr\u00e8s bucolique de la vieille ville. Apr\u00e8s Pierre le Grand, elle a aussi abrit\u00e9 Pouchkine, Gogol, Dosto\u00efevsky, puis Vladimir Ilitch L\u00e9nine. Le tsar actuel (2014), Vladimir Poutine, y est n\u00e9. Rebaptis\u00e9e Petrograd, puis Leningrad, la ville a \u00e9t\u00e9 s\u00e9v\u00e8rement touch\u00e9e lors de la deuxi\u00e8me guerre mondiale, o\u00f9 la population \u00e9tait tomb\u00e9e \u00e0 moins d&rsquo;un million d&rsquo;habitants; elle a actuellement retrouv\u00e9 son nom original depuis 1991 et une partie de son importance et de sa splendeur pass\u00e9es, aussi avec l&rsquo;aide de Vladimir Poutine, lui-m\u00eame originaire de cette ville et qui soutient activement le d\u00e9veloppement de St Petersburg. Les images que vous verrez dans ces galeries datent de 2007; la ville a beaucoup \u00e9volu\u00e9 depuis, et quelques constructions plus hautes ont fait leur apparition (Gazprom, notamment, <a title=\"Tour Gazprom\" href=\"http:\/\/www.lecourrierdelarchitecte.com\/article_3800\" target=\"_blank\">envisage l&rsquo;\u00e9rection de la plus haute tour d&rsquo;Europe<\/a>, malgr\u00e9 la difficult\u00e9 qu&rsquo;il y a de construire des structures \u00e9lev\u00e9es dans ce sol tr\u00e8s spongieux).<\/p>\n<p>Il vaut la peine de venir \u00e0 St Petersburg \u00e0 fin juin; sans que l&rsquo;on puisse parler de soleil de minuit, il s&rsquo;y passe par beau temps le ph\u00e9nom\u00e8ne des \u00ab\u00a0nuits blanches\u00a0\u00bb. Il n&rsquo;y a plus vraiment de nuit, et la ville reste active et \u00e9clair\u00e9e 24 heures sur 24.<\/p>\n<p>Les images sont arbitrairement divis\u00e9es en plusieurs galeries qui correspondent grosso modo \u00e0 l&rsquo;ordre de la visite.<\/p>\n<p><a title=\"Rive gauche de la Neva\" href=\"http:\/\/www.lesmonts.ch\/wp_fr\/?page_id=3349\">Rive gauche de la Neva<\/a><\/p>\n<p><a title=\"Rive gauche de la Neva\" href=\"http:\/\/www.lesmonts.ch\/wp_fr\/?page_id=3349\"><img loading=\"lazy\" decoding=\"async\" class=\"aligncenter size-medium wp-image-3347\" src=\"http:\/\/www.lesmonts.ch\/wp_fr\/wp-content\/uploads\/2014\/08\/DSC_6141-300x135.jpg\" alt=\"DSC_6141\" width=\"300\" height=\"135\" srcset=\"https:\/\/www.lesmonts.ch\/wp_fr\/wp-content\/uploads\/2014\/08\/DSC_6141-300x135.jpg 300w, https:\/\/www.lesmonts.ch\/wp_fr\/wp-content\/uploads\/2014\/08\/DSC_6141-1024x460.jpg 1024w, https:\/\/www.lesmonts.ch\/wp_fr\/wp-content\/uploads\/2014\/08\/DSC_6141.jpg 1400w\" sizes=\"auto, (max-width: 300px) 100vw, 300px\" \/><\/a><\/p>\n<p><a title=\"Rive droite et Ermitage\" href=\"http:\/\/www.lesmonts.ch\/wp_fr\/?page_id=3376\">Rive droite et Ermitage<\/a><\/p>\n<p><a title=\"Rive droite et Ermitage\" href=\"http:\/\/www.lesmonts.ch\/wp_fr\/?page_id=3376\"><img loading=\"lazy\" decoding=\"async\" class=\"aligncenter size-medium wp-image-3377\" src=\"http:\/\/www.lesmonts.ch\/wp_fr\/wp-content\/uploads\/2014\/08\/DSC_6281-300x150.jpg\" alt=\"DSC_6281\" width=\"300\" height=\"150\" srcset=\"https:\/\/www.lesmonts.ch\/wp_fr\/wp-content\/uploads\/2014\/08\/DSC_6281-300x150.jpg 300w, https:\/\/www.lesmonts.ch\/wp_fr\/wp-content\/uploads\/2014\/08\/DSC_6281-1024x513.jpg 1024w, https:\/\/www.lesmonts.ch\/wp_fr\/wp-content\/uploads\/2014\/08\/DSC_6281.jpg 1400w\" sizes=\"auto, (max-width: 300px) 100vw, 300px\" \/><\/a><\/p>\n<p><a title=\"Peterhof, et soir\u00e9e\" href=\"http:\/\/www.lesmonts.ch\/wp_fr\/?page_id=3483\">Peterhof, soir\u00e9e sur les bords de la Neva<\/a><\/p>\n<p><a title=\"Peterhof, et soir\u00e9e\" href=\"http:\/\/www.lesmonts.ch\/wp_fr\/?page_id=3483\"><img loading=\"lazy\" decoding=\"async\" class=\"aligncenter size-medium wp-image-3488\" src=\"http:\/\/www.lesmonts.ch\/wp_fr\/wp-content\/uploads\/2014\/08\/DSC_6373-300x199.jpg\" alt=\"DSC_6373\" width=\"300\" height=\"199\" srcset=\"https:\/\/www.lesmonts.ch\/wp_fr\/wp-content\/uploads\/2014\/08\/DSC_6373-300x199.jpg 300w, https:\/\/www.lesmonts.ch\/wp_fr\/wp-content\/uploads\/2014\/08\/DSC_6373-1024x680.jpg 1024w, https:\/\/www.lesmonts.ch\/wp_fr\/wp-content\/uploads\/2014\/08\/DSC_6373.jpg 1400w\" sizes=\"auto, (max-width: 300px) 100vw, 300px\" \/><\/a><\/p>\n<p><a title=\"Commentaires\" href=\"http:\/\/www.lesmonts.ch\/wp_fr\/?page_id=3490\">Quelques commentaires<\/a><\/p>\n<p><a title=\"Commentaires\" href=\"http:\/\/www.lesmonts.ch\/wp_fr\/?page_id=3490\"><img loading=\"lazy\" decoding=\"async\" class=\"aligncenter size-medium wp-image-3493\" src=\"http:\/\/www.lesmonts.ch\/wp_fr\/wp-content\/uploads\/2014\/08\/Eglise-300x155.jpg\" alt=\"Eglise\" width=\"300\" height=\"155\" srcset=\"https:\/\/www.lesmonts.ch\/wp_fr\/wp-content\/uploads\/2014\/08\/Eglise-300x155.jpg 300w, https:\/\/www.lesmonts.ch\/wp_fr\/wp-content\/uploads\/2014\/08\/Eglise-1024x531.jpg 1024w, https:\/\/www.lesmonts.ch\/wp_fr\/wp-content\/uploads\/2014\/08\/Eglise.jpg 1600w\" sizes=\"auto, (max-width: 300px) 100vw, 300px\" \/><\/a><\/p>\n","protected":false},"excerpt":{"rendered":"<p>Ville des tsars et capitale de l&#8217;empire de Russie avant la r\u00e9volution, deuxi\u00e8me ville de Russie et cinqui\u00e8me ville d&rsquo;Europe, St Petersburg a \u00e9t\u00e9 b\u00e2tie sur un mar\u00e9cage, le tsar Pierre le Grand d\u00e9sirant, au d\u00e9but du 18\u00e8me si\u00e8cle, disposer d&rsquo;un port sur la Baltique, et d&rsquo;une fen\u00eatre sur l&rsquo;Europe (sic). La ville est b\u00e2tie &hellip; <a href=\"https:\/\/www.lesmonts.ch\/wp_fr\/voyages\/st-peterburg\/\" class=\"more-link\">Continuer la lecture de <span class=\"screen-reader-text\">St Petersburg<\/span>  <span class=\"meta-nav\">&rarr;<\/span><\/a><\/p>\n","protected":false},"author":1,"featured_media":0,"parent":369,"menu_order":0,"comment_status":"open","ping_status":"closed","template":"","meta":{"_crdt_document":"","ngg_post_thumbnail":0,"footnotes":""},"class_list":["post-3346","page","type-page","status-publish","hentry"],"_links":{"self":[{"href":"https:\/\/www.lesmonts.ch\/wp_fr\/wp-json\/wp\/v2\/pages\/3346","targetHints":{"allow":["GET"]}}],"collection":[{"href":"https:\/\/www.lesmonts.ch\/wp_fr\/wp-json\/wp\/v2\/pages"}],"about":[{"href":"https:\/\/www.lesmonts.ch\/wp_fr\/wp-json\/wp\/v2\/types\/page"}],"author":[{"embeddable":true,"href":"https:\/\/www.lesmonts.ch\/wp_fr\/wp-json\/wp\/v2\/users\/1"}],"replies":[{"embeddable":true,"href":"https:\/\/www.lesmonts.ch\/wp_fr\/wp-json\/wp\/v2\/comments?post=3346"}],"version-history":[{"count":10,"href":"https:\/\/www.lesmonts.ch\/wp_fr\/wp-json\/wp\/v2\/pages\/3346\/revisions"}],"predecessor-version":[{"id":3543,"href":"https:\/\/www.lesmonts.ch\/wp_fr\/wp-json\/wp\/v2\/pages\/3346\/revisions\/3543"}],"up":[{"embeddable":true,"href":"https:\/\/www.lesmonts.ch\/wp_fr\/wp-json\/wp\/v2\/pages\/369"}],"wp:attachment":[{"href":"https:\/\/www.lesmonts.ch\/wp_fr\/wp-json\/wp\/v2\/media?parent=3346"}],"curies":[{"name":"wp","href":"https:\/\/api.w.org\/{rel}","templated":true}]}}

<p><a href="http://www.lesmonts.ch/wp_fr/wp-content/uploads/2014/08/Russie1.png"><img loading="lazy" decoding="async" class="aligncenter size-full wp-image-3540" src="http://www.lesmonts.ch/wp_fr/wp-content/uploads/2014/08/Russie1.png" alt="Russie" width="110" height="73" /></a>Ville des tsars et capitale de l&#8217;empire de Russie avant la révolution, deuxième ville de Russie et cinquième ville d&rsquo;Europe, St Petersburg a été bâtie sur un marécage, le tsar Pierre le Grand désirant, au début du 18ème siècle, disposer d&rsquo;un port sur la Baltique, et d&rsquo;une fenêtre sur l&rsquo;Europe (sic). La ville est bâtie sur l&#8217;embouchure de la Neva, et les nombreux canaux de drainage qui sillonnent la ville contribuent à donner une image très bucolique de la vieille ville. Après Pierre le Grand, elle a aussi abrité Pouchkine, Gogol, Dostoïevsky, puis Vladimir Ilitch Lénine. Le tsar actuel (2014), Vladimir Poutine, y est né. Rebaptisée Petrograd, puis Leningrad, la ville a été sévèrement touchée lors de la deuxième guerre mondiale, où la population était tombée à moins d&rsquo;un million d&rsquo;habitants; elle a actuellement retrouvé son nom original depuis 1991 et une partie de son importance et de sa splendeur passées, aussi avec l&rsquo;aide de Vladimir Poutine, lui-même originaire de cette ville et qui soutient activement le développement de St Petersburg. Les images que vous verrez dans ces galeries datent de 2007; la ville a beaucoup évolué depuis, et quelques constructions plus hautes ont fait leur apparition (Gazprom, notamment, <a title="Tour Gazprom" href="http://www.lecourrierdelarchitecte.com/article_3800" target="_blank">envisage l&rsquo;érection de la plus haute tour d&rsquo;Europe</a>, malgré la difficulté qu&rsquo;il y a de construire des structures élevées dans ce sol très spongieux).</p>
<p>Il vaut la peine de venir à St Petersburg à fin juin; sans que l&rsquo;on puisse parler de soleil de minuit, il s&rsquo;y passe par beau temps le phénomène des « nuits blanches ». Il n&rsquo;y a plus vraiment de nuit, et la ville reste active et éclairée 24 heures sur 24.</p>
<p>Les images sont arbitrairement divisées en plusieurs galeries qui correspondent grosso modo à l&rsquo;ordre de la visite.</p>
<p><a title="Rive gauche de la Neva" href="http://www.lesmonts.ch/wp_fr/?page_id=3349">Rive gauche de la Neva</a></p>
<p><a title="Rive gauche de la Neva" href="http://www.lesmonts.ch/wp_fr/?page_id=3349"><img loading="lazy" decoding="async" class="aligncenter size-medium wp-image-3347" src="http://www.lesmonts.ch/wp_fr/wp-content/uploads/2014/08/DSC_6141-300x135.jpg" alt="DSC_6141" width="300" height="135" srcset="https://www.lesmonts.ch/wp_fr/wp-content/uploads/2014/08/DSC_6141-300x135.jpg 300w, https://www.lesmonts.ch/wp_fr/wp-content/uploads/2014/08/DSC_6141-1024x460.jpg 1024w, https://www.lesmonts.ch/wp_fr/wp-content/uploads/2014/08/DSC_6141.jpg 1400w" sizes="auto, (max-width: 300px) 100vw, 300px" /></a></p>
<p><a title="Rive droite et Ermitage" href="http://www.lesmonts.ch/wp_fr/?page_id=3376">Rive droite et Ermitage</a></p>
<p><a title="Rive droite et Ermitage" href="http://www.lesmonts.ch/wp_fr/?page_id=3376"><img loading="lazy" decoding="async" class="aligncenter size-medium wp-image-3377" src="http://www.lesmonts.ch/wp_fr/wp-content/uploads/2014/08/DSC_6281-300x150.jpg" alt="DSC_6281" width="300" height="150" srcset="https://www.lesmonts.ch/wp_fr/wp-content/uploads/2014/08/DSC_6281-300x150.jpg 300w, https://www.lesmonts.ch/wp_fr/wp-content/uploads/2014/08/DSC_6281-1024x513.jpg 1024w, https://www.lesmonts.ch/wp_fr/wp-content/uploads/2014/08/DSC_6281.jpg 1400w" sizes="auto, (max-width: 300px) 100vw, 300px" /></a></p>
<p><a title="Peterhof, et soirée" href="http://www.lesmonts.ch/wp_fr/?page_id=3483">Peterhof, soirée sur les bords de la Neva</a></p>
<p><a title="Peterhof, et soirée" href="http://www.lesmonts.ch/wp_fr/?page_id=3483"><img loading="lazy" decoding="async" class="aligncenter size-medium wp-image-3488" src="http://www.lesmonts.ch/wp_fr/wp-content/uploads/2014/08/DSC_6373-300x199.jpg" alt="DSC_6373" width="300" height="199" srcset="https://www.lesmonts.ch/wp_fr/wp-content/uploads/2014/08/DSC_6373-300x199.jpg 300w, https://www.lesmonts.ch/wp_fr/wp-content/uploads/2014/08/DSC_6373-1024x680.jpg 1024w, https://www.lesmonts.ch/wp_fr/wp-content/uploads/2014/08/DSC_6373.jpg 1400w" sizes="auto, (max-width: 300px) 100vw, 300px" /></a></p>
<p><a title="Commentaires" href="http://www.lesmonts.ch/wp_fr/?page_id=3490">Quelques commentaires</a></p>
<p><a title="Commentaires" href="http://www.lesmonts.ch/wp_fr/?page_id=3490"><img loading="lazy" decoding="async" class="aligncenter size-medium wp-image-3493" src="http://www.lesmonts.ch/wp_fr/wp-content/uploads/2014/08/Eglise-300x155.jpg" alt="Eglise" width="300" height="155" srcset="https://www.lesmonts.ch/wp_fr/wp-content/uploads/2014/08/Eglise-300x155.jpg 300w, https://www.lesmonts.ch/wp_fr/wp-content/uploads/2014/08/Eglise-1024x531.jpg 1024w, https://www.lesmonts.ch/wp_fr/wp-content/uploads/2014/08/Eglise.jpg 1600w" sizes="auto, (max-width: 300px) 100vw, 300px" /></a></p>

<p>Ville des tsars et capitale de l&#8217;empire de Russie avant la révolution, deuxième ville de Russie et cinquième ville d&rsquo;Europe, St Petersburg a été bâtie sur un marécage, le tsar Pierre le Grand désirant, au début du 18ème siècle, disposer d&rsquo;un port sur la Baltique, et d&rsquo;une fenêtre sur l&rsquo;Europe (sic). La ville est bâtie &hellip; <a href="https://www.lesmonts.ch/wp_fr/voyages/st-peterburg/" class="more-link">Continuer la lecture de <span class="screen-reader-text">St Petersburg</span>  <span class="meta-nav">&rarr;</span></a></p>
